9, 1999, 2311
What are the prime factors of 97185074?
2, 7, 23, 43, 7019
List the prime factors of 23950829.
7, 331, 10337
What are the prime factors of 190933212?
2, 3, 23, 691787
What are the prime factors of 127805752?
2, 15975719
List the prime factors of 13751508.
2, 3, 149, 7691
List the prime factors of 16230065.
5, 23, 141131
List the prime factors of 1038929654.
2, 7, 239, 44357
What are the prime factors of 149159885?
5, 7, 4261711
What are the prime factors of 5672261784?
2, 3, 7, 4099, 8237
List the prime factors of 7875568.
2, 23, 21401
List the prime factors of 62940096.
2, 3, 113, 967
List the prime factors of 853774355.
5, 7, 29, 841157
List the prime factors of 82958746.
2, 13, 23, 138727
What are the prime factors of 214697881?
449, 478169
What are the prime factors of 149554422?
2, 3, 8308579
What are the prime factors of 44523909?
3, 41, 120661
What are the prime factors of 3790950482?
2, 11, 23, 59, 5521
List the prime factors of 173454407.
7, 24779201
List the prime factors of 306814842.
2, 3, 67, 254407
List the prime factors of 45430704.
2, 3, 11, 23, 29, 43
What are the prime factors of 10934379?
3, 404977
List the prime factors of 54369899.
54369899
What are the prime factors of 30697104?
2, 3, 17, 37619
List the prime factors of 7012507562.
2, 3506253781
List the prime factors of 2242835668.
2, 7487, 74891
What are the prime factors of 2791672037?
7, 11, 29, 1250189
What are the prime factors of 3365292002?
2, 151, 11143351
What are the prime factors of 605001301?
31, 2693, 7247
What are the prime factors of 244386026?
2, 79, 293, 5279
List the prime factors of 60062704.
2, 13, 41, 7043
What are the prime factors of 3973057794?
2, 3, 17, 12983849
List the prime factors of 31047910.
2, 5, 193, 16087
List the prime factors of 320559784.
2, 4519, 8867
What are the prime factors of 576159401?
19, 30324179
List the prime factors of 157211943.
3, 7, 31, 34499
List the prime factors of 4740391010.
2, 5, 17, 941, 29633
List the prime factors of 402835367.
11, 36621397
What are the prime factors of 1793789575?
5, 71751583
What are the prime factors of 607153135?
5, 29, 31, 293, 461
What are the prime factors of 1057949021?
149, 7100329
List the prime factors of 222997578.
2, 3, 61, 609283
List the prime factors of 220037368.
2, 107, 257053
What are the prime factors of 691533206?
2, 7, 13, 179, 21227
List the prime factors of 6704493739.
83, 113, 714841
List the prime factors of 3043113678.
2, 3, 11, 811, 6317
What are the prime factors of 98802023?
98802023
List the prime factors of 1061822314.
2, 7, 8123, 9337
What are the prime factors of 191427427?
2371, 80737
List the prime factors of 94903461.
3, 19, 184997
List the prime factors of 254147177.
229, 1109813
List the prime factors of 13234634.
2, 7, 945331
List the prime factors of 10304340.
2, 3, 5, 263, 653
List the prime factors of 180412999.
13, 19, 37, 1039
List the prime factors of 41982948.
2, 3, 7, 107, 173
What are the prime factors of 49336465?
5, 17, 157, 3697
What are the prime factors of 1266499015?
5, 59, 211, 20347
What are the prime factors of 39767343?
3, 7, 11, 172153
What are the prime factors of 435180370?
2, 5, 19, 2290423
What are the prime factors of 251823443?
29, 37, 6343
List the prime factors of 72567840.
2, 3, 5, 19, 73, 109
What are the prime factors of 175835858?
2, 11, 43, 185873
What are the prime factors of 117187426?
2, 17, 103, 109, 307
List the prime factors of 443223774.
2, 3, 7, 1459, 2411
List the prime factors of 59716091.
59716091
List the prime factors of 2205826807.
9689, 227663
List the prime factors of 2939149303.
2939149303
List the prime factors of 212514721.
1621, 131101
What are the prime factors of 20658874?
2, 10329437
List the prime factors of 969140092.
2, 242285023
List the prime factors of 2019163400.
2, 5, 907, 11131
What are the prime factors of 14297814?
2, 3, 293, 2711
What are the prime factors of 44543177?
7, 109, 58379
List the prime factors of 530936075.
5, 1307, 16249
What are the prime factors of 661678943?
337, 613, 3203
What are the prime factors of 1661813744?
2, 103863359
List the prime factors of 1307330772.
2, 3, 11, 61, 229, 709
What are the prime factors of 770156275?
5, 7, 628699
List the prime factors of 2466778013.
7, 17, 20729227
List the prime factors of 112486569.
3, 13, 17, 31, 421
List the prime factors of 2653367.
1087, 2441
List the prime factors of 5160854978.
2, 2580427489
What are the prime factors of 1366815111?
3, 107, 4257991
What are the prime factors of 2924993291?
11, 191, 227, 6133
What are the prime factors of 17340583?
13, 102607
List the prime factors of 678674128.
2, 11, 37, 89, 1171
List the prime factors of 108997836.
2, 3, 9083153
List the prime factors of 355990376.
2, 7, 6356971
List the prime factors of 50222372.
2, 12555593
What are the prime factors of 3142168446?
2, 3, 17, 30805573
What are the prime factors of 5987258293?
5987258293
What are the prime factors of 20265067?
20265067
What are the prime factors of 565451969?
12967, 43607
List the prime factors of 1761748.
2, 47, 9371
List the prime factors of 592581310.
2, 5, 19, 3118849
What are the prime factors of 310788173?
2437, 127529
What are the prime factors of 532192175?
5, 307, 69341
What are the prime factors of 113331786?
2, 3, 18888631
What are the prime factors of 57653502?
2, 3, 23, 59, 73, 97
List the prime factors of 639645202.
2, 7, 1831, 24953
What are the prime factors of 174748753?
643, 271771
List the prime factors of 377006457.
3, 125668819
List the prime factors of 1740861899.
7, 239, 1040563
List the prime factors of 2489242665.
3, 5, 7, 13, 1823621
What are the prime factors of 2694921819?
3, 59, 15225547
What are the prime factors of 6314001559?
1319, 4786961
What are the prime factors of 36635931?
3, 571, 7129
List the prime factors of 87778309.
19, 1031, 4481
List the prime factors of 186536004.
2, 3, 29, 536023
List the prime factors of 2758075573.
11, 47, 44089
What are the prime factors of 142437449?
7, 11, 211, 797
List the prime factors of 1205166403.
7, 8191, 21019
List the prime factors of 1609115418.
2, 3, 2393, 37357
List the prime factors of 560169194.
2, 13, 31, 694999
List the prime factors of 40280497.
17, 2369441
What are the prime factors of 75830137?
61, 73, 17029
List the prime factors of 202162825.
5, 8086513
What are the prime factors of 1773723181?
41, 211, 205031
List the prime factors of 1332004384.
2, 41625137
List the prime factors of 369576301.
369576301
What are the prime factors of 1527453991?
7, 349, 625237
List the prime factors of 210734685.
3, 5, 7, 668999
What are the prime factors of 1037804052?
2, 3, 179, 397, 1217
List the prime factors of 136812457.
136812457
What are the prime factors of 49015580?
2, 5, 2450779
List the prime factors of 716994052.
2, 12541, 14293
What are the prime factors of 236275417?
7, 4783, 7057
What are the prime factors of 798405245?
5, 11, 14516459
What are the prime factors of 6159415221?
3, 684379469
What are the prime factors of 285718382?
2, 29, 31, 158909
What are the prime factors of 43151917?
89, 484853
What are the prime factors of 1204574721?
3, 7, 57360701
What are the prime factors of 890618774?
2, 3001, 148387
What are the prime factors of 971512402?
2, 7, 5827, 11909
What are the prime factors of 2723595530?
2, 5, 37, 7361069
What are the prime factors of 3748227756?
2, 3, 7, 13, 59, 8311
What are the prime factors of 119142185?
5, 23, 457, 2267
What are the prime factors of 89638082?
2, 44819041
List the prime factors of 225326487.
3, 59, 977, 1303
What are the prime factors of 1128770739?
3, 125418971
What are the prime factors of 17753790?
2, 3, 5, 19, 31147
What are the prime factors of 29634105?
3, 5, 61, 139, 233
What are the prime factors of 1081322653?
293, 3690521
What are the prime factors of 391695630?
2, 3, 5, 1549, 8429
List the prime factors of 145751969.
11, 1447, 9157
List the prime factors of 1676562494.
2, 157, 911, 5861
List the prime factors of 270300246.
2, 3, 2213, 20357
What are the prime factors of 312171309?
3, 71, 379, 1289
List the prime factors of 2087200120.
2, 5, 41, 421, 3023
What are the prime factors of 41771370?
2, 3, 5, 1392379
What are the prime factors of 192182484?
2, 3, 13, 